ctor of 66?
True
Is 7 a factor of 1819?
False
Does 25 divide 512?
False
Is 25 a factor of 207?
False
Is 12 a factor of 1702?
False
Is 240 a multiple of 13?
False
Does 97 divide 1358?
True
Is 18222 a multiple of 10?
False
Is 22 a factor of 2406?
False
Is 69 a multiple of 23?
True
Does 8 divide 3000?
True
Is 488 a multiple of 25?
False
Does 4 divide 507?
False
Is 48 a factor of 6329?
False
Is 93 a factor of 68169?
True
Is 6015 a multiple of 9?
False
Is 4566 a multiple of 4?
False
Is 17 a factor of 3111?
True
Is 48 a factor of 3371?
False
Is 12 a factor of 16428?
True
Does 231 divide 19946?
False
Is 51992 a multiple of 97?
True
Does 27 divide 63207?
True
Does 53 divide 1537?
True
Is 2531 a multiple of 52?
False
Is 1987 a multiple of 81?
False
Does 5 divide 11545?
True
Does 11 divide 511?
False
Is 27 a factor of 7452?
True
Is 24 a factor of 14496?
True
Is 16 a factor of 1408?
True
Does 7 divide 1302?
True
Does 69 divide 766?
False
Does 43 divide 368?
False
Does 61 divide 759?
False
Is 63 a factor of 1386?
True
Is 290 a multiple of 10?
True
Is 87067 a multiple of 35?
False
Is 5305 a multiple of 5?
True
Is 4418 a multiple of 22?
False
Does 57 divide 209?
False
Does 22 divide 74976?
True
Is 4584 a multiple of 63?
False
Is 7 a factor of 2181?
False
Does 52 divide 2340?
True
Is 26 a factor of 910?
True
Is 24 a factor of 648?
True
Is 72 a multiple of 3?
True
Does 18 divide 2300?
False
Is 67 a factor of 536?
True
Does 28 divide 23044?
True
Is 98 a multiple of 12?
False
Is 823 a multiple of 23?
False
Does 31 divide 171?
False
Is 23 a factor of 43550?
False
Is 3249 a multiple of 12?
False
Is 487 a factor of 1461?
True
Is 202 a factor of 40277?
False
Is 31 a factor of 126232?
True
Is 4 a factor of 608?
True
Does 132 divide 29568?
True
Is 44 a factor of 1657?
False
Does 17 divide 115?
False
Is 1090 a multiple of 9?
False
Is 6 a factor of 790?
False
Does 140 divide 6580?
True
Does 31 divide 1519?
True
Is 15708 a multiple of 12?
True
Does 7 divide 8554?
True
Is 7348 a multiple of 12?
False
Is 14233 a multiple of 43?
True
Does 120 divide 323?
False
Is 3 a factor of 283?
False
Does 3 divide 2087?
False
Is 948 a multiple of 12?
True
Does 18 divide 2364?
False
Is 9557 a multiple of 16?
False
Does 10 divide 1173?
False
Is 34 a factor of 1719?
False
Is 6308 a multiple of 70?
False
Is 11 a factor of 20075?
True
Is 18 a factor of 2610?
True
Is 12 a factor of 1552?
False
Is 9 a factor of 409?
False
Does 32 divide 27808?
True
Is 1332 a multiple of 9?
True
Is 36 a factor of 2808?
True
Is 19 a factor of 665?
True
Is 15349 a multiple of 11?
False
Is 6283 a multiple of 16?
False
Is 35 a factor of 6580?
True
Is 253 a multiple of 11?
True
Is 910 a multiple of 26?
True
Is 3 a factor of 2841?
True
Is 12 a factor of 2688?
True
Is 330 a multiple of 55?
True
Is 12733 a multiple of 17?
True
Does 189 divide 25893?
True
Is 47 a factor of 658?
True
Is 944 even?
True
Does 15 divide 86595?
True
Is 72 a factor of 8397?
False
Is 3006 a multiple of 6?
True
Is 146 a factor of 19564?
True
Does 67 divide 20814?
False
Is 8085 a multiple of 77?
True
Is 115 a factor of 1840?
True
Is 2439 a multiple of 122?
False
Does 11 divide 26310?
False
Does 22 divide 137?
False
Is 7 a factor of 835?
False
Is 8 a factor of 4367?
False
Is 14 a factor of 4869?
False
Is 3 a factor of 1552?
False
Is 23 a factor of 7222?
True
Is 5 a factor of 277?
False
Is 12084 a multiple of 159?
True
Is 8007 a multiple of 43?
False
Does 34 divide 850?
True
Does 7 divide 1197?
True
Does 68 divide 1066?
False
Does 48 divide 6474?
False
Is 34 a factor of 884?
True
Is 1092 a multiple of 26?
True
Is 5 a factor of 6195?
True
Is 18312 a multiple of 41?
False
Is 19 a factor of 570?
True
Is 521 a multiple of 3?
False
Does 13 divide 9503?
True
Is 374 a multiple of 37?
False
Does 8 divide 870?
False
Does 34 divide 3150?
False
Is 6 a factor of 582?
True
Does 20 divide 202?
False
Does 26 divide 1067?
False
Does 2 divide 3?
False
Is 6900 a multiple of 20?
True
Is 5916 a multiple of 84?
False
Does 16 divide 479?
False
Is 1314 a multiple of 6?
True
Is 19 a factor of 3332?
False
Does 17 divide 11864?
False
Does 14 divide 84?
True
Is 7 a factor of 2699?
False
Is 14 a factor of 10514?
True
Is 5 a factor of 97?
False
Does 22 divide 4691?
False
Is 1518 a multiple of 33?
True
Is 19 a factor of 4522?
True
Does 46 divide 5078?
False
Is 35 a factor of 6139?
False
Is 23140 a multiple of 65?
True
Does 24 divide 52185?
False
Does 36 divide 1068?
False
Is 7 a factor of 98?
True
Is 19 a factor of 342?
True
Is 31163 a multiple of 11?
True
Is 11 a factor of 37785?
True
Is 2502 a multiple of 139?
True
Is 23 a factor of 2507?
True
Is 3 a factor of 33?
True
Is 5 a factor of 54?
False
Is 159 a multiple of 7?
False
Is 30 a factor of 940?
False
Is 19 a factor of 52259?
False
Is 46 a factor of 960?
False
Is 723 a multiple of 34?
False
Is 14 a factor of 10374?
True
Is 11 a factor of 10428?
True
Is 25198 a multiple of 43?
True
Does 13 divide 1557?
False
Is 21 a factor of 1218?
True
Is 15 a factor of 1342?
False
Does 7 divide 3933?
False
Does 21 divide 840?
True
Is 47199 a multiple of 46?
False
Is 3 a factor of 199?
False
Is 5 a factor of 9150?
True
Does 141 divide 61097?
False
Is 15 a factor of 9746?
False
Is 47 a factor of 8517?
False
Does 117 divide 36414?
False
Is 879 a multiple of 3?
True
Is 528 a multiple of 24?
True
Is 147 a factor of 14994?
True
Does 22 divide 726?
True
Does 97 divide 70012?
False
Does 8 divide 216?
True
Does 9 divide 3609?
True
Is 1326 a multiple of 29?
False
Is 86580 a multiple of 45?
True
Does 7 divide 9254?
True
Does 7 divide 630?
True
Does 304 divide 93328?
True
Is 844 a multiple of 16?
False
Is 43 a factor of 1462?
True
Is 39 a factor of 13438?
False
Is 11 a factor of 57?
False
Is 129 a factor of 98946?
False
Does 7 divide 2576?
True
Is 307 a multiple of 3?
False
Is 28229 a multiple of 69?
False
Is 11196 a multiple of 6?
True
Does 9 divide 23?
False
Is 10131 a multiple of 11?
True
Does 30 divide 1570?
False
Is 14 a factor of 21094?
False
Does 16 divide 86768?
True
Is 10 a factor of 4093?
False
Does 53 divide 1578?
False
Does 274 divide 75188?
False
Does 56 divide 10976?
True
Does 36 divide 10944?
True
Is 10 a factor of 410?
True
Is 20445 a multiple of 145?
True
Does 36 divide 1692?
True
Does 42 divide 1032?
False
Does 31 divide 717?
False
Is 94 a factor of 6392?
True
Does 3 divide 7206?
True
Does 4 divide 10926?
False
Is 100 a factor of 500?
True
Is 109813 a multiple of 67?
True
Does 17 divide 383?
False
Is 110208 a multiple of 64?
True
Is 490 a multiple of 35?
True
Does 96 divide 62784?
True
Is 286 a multiple of 13?
True
Is 17 a factor of 21709?
True
Is 133 a factor of 1729?
True
Does 3 divide 8136?
True
Is 15 a factor of 7510?
False
Is 42 a factor of 294?
True
Is 745 a multiple of 7?
False
Is 37 a factor of 654?
False
Is 49 a factor of 851?
False
Is 24 a factor of 224?
False
Does 11 divide 488?
False
Does 33 divide 2160?
False
Is 931 a multiple of 44?
False
Is 2440 a multiple of 40?
True
Is 59787 a multiple of 193?
False
Does 15 divide 1575?
True
Is 2650 a multiple of 106?
True
Is 72 a multiple of 4?
True
Is 2751 a multiple of 21?
True
Is 2506 a multiple of 14?
True
Is 12060 a multiple of 45?
True
Does 37 divide 52895?
False
Does 199 divide 56093?
False
Is 48622 a multiple of 94?
False
Is 10 a factor of 490?
True
Is 80 a factor of 3075?
False
Does 91 divide 455?
True
Is 34 a factor of 960?
False
Is 214 a factor of 48162?
False
Is 113 even?
False
Is 3400 a multiple of 10?
True
Is 60 a factor of 1620?
True
Does 13 divide 2158?
True
Is 10935 a multiple of 9?
True
Is 185 a factor of 81030?
True
Does 56 divide 392?
True
Is 24 a factor of 10841?
False
Is 17 a factor of 2975?
True
Does 14 divide 4217?
False
Does 27 divide 1296?
True
Is 13 a factor of 79006?
False
Is 2780 a multiple of 10?
True
Is 856 a multiple of 49?
False
Is 36 a factor of 1041?
False
Is 224 a multiple of 28?
True
Is 19693 a multiple of 47?
True
Is 6 a factor of 20399?
False
Does 277 divide 41827?
True
Is 39 a factor of 936?
True
Does 57 divide 3897?
False
Does 344 divide 56760?
True
Is 19 a factor of 1412?
False
Does 46 divide 2806?
True
Is 297 a multiple of 33?
True
Does 6 divide 88?
False
Is 11 a factor of 7040?
True
Is 387 a multiple of 10?
False
Is 533 a multiple of